 = l*p(f) - 5*j(f). Determine x(4).
-11
Let q be ((-2)/(-6))/((-66)/(-63) + -1). Let j(d) = -4*d + 12. Let i(g) = -5*g + 13. Let r(a) = -3*i(a) + 4*j(a). What is r(q)?
2
Let m(q) = -15*q - 442. Let k be m(-29). Let h(i) = i + 21. Let b(t) = 11. Let d(y) = -7*b(y) + 4*h(y). Calculate d(k).
-21
Let n(c) = c**2 + 8*c - 12. Suppose -2*m + 199 = 31. Let k = m - 93. Give n(k).
-3
Let x(d) = -d**3 - 9*d**2 - 9*d - 12. Suppose u - 13 = 27. Suppose -2*a + 7*a = -u. Determine x(a).
-4
Let i(w) = -w**3 - 8*w**2 - 8*w - 6. Let o be i(-7). Let p(x) = x**3 + 0*x**3 + 3*x + 3 + o + 4*x**2 - 6. What is p(-3)?
-2
Suppose u - 8 = 3*o, -4*u = u + 4*o - 2. Let f(i) = -2 + i**3 + 2 - 3*i**u + 3 + 0*i**3. Calculate f(3).
3
Let i(a) = -a + 5. Suppose -5*j + 3*j - 4*b = -20, -5*j + 14 = -2*b. Suppose 5*c - 4*k = 44, j*c - 4*k - 34 = -2*k. What is i(c)?
-3
Let v(n) = 2*n**2 - 6*n + 7*n - 11*n**2. Determine v(1).
-8
Let l(x) be the second derivative of 0*x**2 + 1/5*x**5 - 6*x + 1/6*x**3 + 0 - 1/12*x**4. Calculate l(1).
4
Let p(a) = a**2 - 2. Let o(j) = -2*j - 7. Let c be o(-6). Suppose 4*q + l - 15 = -2*l, -c = -2*q - l. Suppose q = 2*t - 0*t. Calculate p(t).
-2
Suppose a = -4*a - 25. Let b be (a + 9)*3/4. Let n(l) = -2*l**2 - 3*l**2 - 7 + 4*l**2 - l + l**b. Calculate n(0).
-7
Let b = 42 - 33. Let o = b + -7. Let y(k) = -k**3 + 4*k**2 - 4*k + 2. Determine y(o).
2
Suppose 2*i + 0*i = 0. Let a(w) be the third derivative of -w**6/120 - w**5/60 + 23*w**3/6 - 76*w**2. Calculate a(i).
23
Let g = -43 - -42. Let j(f) = -21*f**3 + 9*f**2 - f + 2. Let v(h) = -31*h**3 + 13*h**2 - h + 3. Let m(c) = 7*j(c) - 5*v(c). Calculate m(g).
-9
Let z(y) be the third derivative of y**6/120 - 4*y**5/15 + y**4/24 - 2*y**3/3 + 507*y**2. Calculate z(16).
12
Suppose 323 = -a + 329. Let k(h) = h**2 - h - 3. Determine k(a).
27
Let i(w) = 12*w - 1. Let c be (-3 + (-3)/(-2))*2 + 16. Suppose -h - 4*h + 4*u = -c, 4 = -2*u. What is i(h)?
11
Let s be -4 - (-2 - 5) - -3. Let b(y) = -5*y**2 - y + 2 + s*y**2 - 5. Calculate b(-4).
17
Let m(i) = -3 + 3 - 5 + i. Let c be m(10). Let u be (-4 - -2)*(-3 + c). Let z(h) = -h - 2. What is z(u)?
2
Let p be ((-30)/(-12))/(-4 + (-28)/(-8)). Let o(i) = 2*i**2 + 5*i - 5. What is o(p)?
20
Let a = 8 + -5. Let t(b) = -a + 0 + 0 - 2*b + b**2. Let f = 0 - -4. Calculate t(f).
5
Let t(o) be the first derivative of o**6/120 + o**5/10 - o**3 + 12*o**2 + 17. Let q(f) be the second derivative of t(f). Calculate q(-5).
19
Let y(i) = 2*i**3 - 17*i**2 - 28*i - 20. Let h be y(10). Let u(m) = -m + 20. Give u(h).
20
Let b = 38 - 31. Let i(z) = -7*z**2 + 3 - 4 + 5 + b*z - z**3 + 2*z**3. What is i(6)?
10
Let b be (-16)/40 - (-16)/(-10). Let d = b - 11. Let k = -8 - d. Let q(y) = y. What is q(k)?
5
Let o be (-1)/(1/(-7))*1. Let p = o + -5. Let l be (-36)/(-8) - p/4. Let n(w) = w. Determine n(l).
4
Let q(n) = -2. Let i(v) = -v - 2. Let s(t) = 3*i(t) - 2*q(t). Give s(-4).
10
Suppose -10 = -0*k - 5*k. Let c(i) = 9*i**3 + i + 31 - k*i**2 - 31 + 3*i**2. Determine c(-1).
-9
Let l(h) = -h**3 + 9*h - 26*h + 4*h + 8*h - 6 - 6*h**2. Let p be 16 - (0 - -1)*0. Let v = 11 - p. Calculate l(v).
-6
Let b(u) = -145*u + 47*u + 45*u + 49*u + 1. Let p(a) = a**2 + 2*a + 2. Let n be p(-4). Let i be (-4)/6 + n/6. Determine b(i).
-3
Let t(w) = -5*w**3 - 2*w**2 + 1. Suppose -5*k + 7 = v, 0 = -3*k - 13*v + 9*v + 11. Give t(k).
-6
Let x(z) be the third derivative of -z**6/360 - z**5/40 + z**4/24 + 8*z**2. Let o(b) be the second derivative of x(b). Suppose -4*d - 4 - 4 = 0. Calculate o(d).
1
Let s(l) = -l**3 + 7*l**2 + 7*l + 7. Let w(t) = t**2 - 4*t + 3. Suppose -10 = -5*x + 4*n + 35, 0 = 4*x - 5*n - 45. Let d be w(x). Give s(d).
-1
Let x(t) be the third derivative of -t**5/60 - t**4/24 - 3*t**3/2 + 8*t**2 - 2*t. Determine x(0).
-9
Let k be (-65)/15 + (-2)/(-6). Let t(v) = v**2 + 4*v. Determine t(k).
0
Let p(o) be the first derivative of -o**3/3 + 4*o**2 + 12*o - 3. Let s be p(9). Let x(r) = 3*r + s*r - 5*r. Give x(0).
0
Let d(j) = j**2 + 8*j + 13. Suppose 13 = -44*r + 41*r - 5*h, -4*r + 2*h - 26 = 0. Calculate d(r).
1
Let j(v) be the first derivative of -v**5/120 + v**4/4 - 8*v**3/3 + 2. Let l(h) be the third derivative of j(h). Let q(p) = p. Let u be q(0). Determine l(u).
6
Let a(n) = -15*n**2 + 8*n - 48. Let j(i) = -13*i**2 + 9*i - 49. Let t(d) = 7*a(d) - 8*j(d). Determine t(-19).
-1
Let p(g) = -g**2 + 2*g. Let d(a) = -4*a**2 + 7*a + 3. Let r(m) = -d(m) + 3*p(m). What is r(3)?
3
Let v(b) = 14*b**2 + 3*b - 24*b**2 + 0*b + 12*b**2 + 2*b + 5. Give v(-4).
17
Let g(o) = -8*o**2 - o + 1. Let w(r) be the first derivative of -2*r**3/3 + 39*r**2/2 - 18*r - 16. Let x be w(19). Calculate g(x).
-8
Let h be 1/(4/10 - (-378)/(-770)). Let v(l) = -l**2 - 10*l - 4. Give v(h).
-15
Let q(x) = 3*x. Let y(t) = -15*t - 5. Let z(u) = -6*q(u) - y(u). Give z(3).
-4
Let i(k) be the first derivative of -k - 3/2*k**2 + 10. Determine i(-4).
11
Let s(a) = -15*a - 10*a**2 - 3 + 10*a**3 - 9*a**3 + 23*a - 3*a - 18*a. Give s(11).
-25
Let u(p) = p**3 - 11*p**2 - 6. Let f = -115 - -73. Let l = -31 - f. What is u(l)?
-6
Let q(h) = 2*h + 23. Let d be q(-10). Let f(p) = -p + 152*p**2 + p**d - 152*p**2 - 1. Let c = 4 - 2. What is f(c)?
5
Let j be (1/(-4))/(3/(-3)). Let w(o) be the first derivative of -1/2*o**2 + 2 + 2*o - j*o**4 + 0*o**3. Determine w(2).
-8
Let v be 90/27 + (-2)/6. Suppose 3*k = 3 + v. Let m(h) = k*h + 0*h + h**3 + 1 + 6*h**2 + 4*h + 2. Determine m(-5).
-2
Let z(t) be the third derivative of 0*t - 3*t**2 - 1/8*t**4 + t**3 - 1/120*t**5 + 0. Let b(n) be the first derivative of z(n). Give b(0).
-3
Let u be 2/7 - (-66)/14. Let n(h) = 8. Let t(r) = -r - 1. Let w(x) = x**3 + 6*x**2 - x - 7. Let p be w(-6). Let d(f) = p*t(f) - n(f). What is d(u)?
-2
Let a = -405 - -409. Let u(o) = 1. Let w(x) = -x**2 + 4*x + 6. Let b(p) = -2*u(p) + w(p). What is b(a)?
4
Let l = -11 + 10. Let m be (l + 3)/(6/21). Suppose 0 = 3*f - m*f + 8. Let o(v) = -v**3 + v**2 + 3*v - 2. Determine o(f).
0
Suppose 25*a + 132 + 118 = 0. Let s(u) = -u - 11. Determine s(a).
-1
Let a(x) = -x**3 + 8*x**2 - 5*x - 9. Let s(l) = l**2 - 10*l + 7. Let q be s(10). What is a(q)?
5
Let k(x) = 2*x - 3*x + 0*x**2 - x**2 + 10*x**3 + 1. Let w = 4609 - 4608. Calculate k(w).
9
Let d(c) be the second derivative of -c**8/6720 + c**7/420 - c**6/240 - 7*c**5/120 + 5*c**4/12 - 5*c. Let j(z) be the third derivative of d(z). Calculate j(5).
3
Let w(c) = -c**2 + 14*c + 12. Suppose -62*j = -63*j - 3*x + 16, 4 = 4*x. Determine w(j).
25
Suppose 0 = -v + 2*v + 2*i - 5, -5*i = -2*v + 28. Let o(z) = -6 + v - z - 20. Give o(0).
-17
Let p(s) = -s + 11. Let y be p(10). Let q(x) = 19*x + x**2 + 15*x - 31*x - y. Give q(2).
9
Let o(n) = 1 + 10*n + 1 - n**3 - 9*n**2 - 5. Suppose -3*m = 4*w + 18, 4*m + 60 - 8 = 4*w. Determine o(m).
-3
Suppose 69*h = 9*h - 300. Let m(a) = a**2 + 4*a + 7. What is m(h)?
12
Let p = -4 + 6. Let q(j) = 6 + 2*j**2 - j - j**p + 0*j**2. Suppose 7*r + 7*r = 5*h, -4*h - 4*r = 0. What is q(h)?
6
Suppose 0 = h + 5*i + 18, -5*h = i - 0*i - 6. Suppose -3*r = -h - 1. Let p(l) = 1 + 1848*l**3 - 929*l**3 - 925*l**3. Calculate p(r).
-5
Let g(n) = -n**3 + 13*n**2 - 13*n + 15. Let c be g(12). Let y(r) = -r**2 + 4*r + 3. Let t be y(c). Let j be 3/24*t*-4. Let s(u) = -5*u - 2. What is s(j)?
13
Suppose -f + 2*t = -3, -3*f - 4 = -t - 3. Let y(v) = 4*v**2 + v + 1. Give y(f).
4
Let d(g) = 21*g - 5. Let v(m) = -25*m + 5. Let i(z) = 6*d(z) + 5*v(z). Give i(4).
-1
Let r(h) be the third derivative of -41*h**5/60 + h**4/24 + 19*h**2 + h. Calculate r(1).
-40
Suppose -5*u + 3*m + 33 = 0, -8 = -2*u - 3*m - m. Let n(x) = -9 - 4*x + x + u - x**2. What is n(-3)?
-3
Suppose 5*c + 52 = c. Let t(n) be the second derivative of -n**5/20 - 13*n**4/12 - n**3/6 - 3*n**2 - 1241*n. Determine t(c).
7
Suppose 6*w + 235 - 67 = 0. Let h be (-7)/(w/8) + 0/2. Let s(d) = 3*d**3 - 2*d. What is s(h)?
20
Let g(k) = 4*k**3 - k**2 + 3*k - 6. Let i(j) = 3*j**3 - 2*j**2 + 4*j - 6. Let f(s) = -2*g(s) + 3*i(s). Let w = -2508 + 2512. What is f(w)?
18
Suppose 3*c + 2*c = 40. Let a be c - 2 - (1 + 3). Let x(l) = 16*l**3 + l - 5*l**a + 0*l + 0*l - 15*l**3. Calculate x(5).
5
Suppose -a + 5*d = -2, 10*a - 5*a - 10 = 5*d. Let w(h) = 0*h + h - 6 - 6 - a*h. Give w(-5).
-7
Let h(g) = g**2 - 15*g - 7. Let l be h(14). Let i = l + 27. Let o be 0 - 3/(i/8)